 the greatest common factor of d and v?
9
Suppose -4*j - 8 = -84. Suppose 0 = 4*o - 2*q - 598, -5*o + 2*q + 755 = q. What is the greatest common factor of o and j?
19
Suppose 0 = -5*k + k - m + 25, -5*m - 1 = 2*k. What is the greatest common factor of 21 and k?
7
Let d = -104 + 112. Suppose 4*o - c - 218 = 139, 5*o + 4*c - 420 = 0. What is the greatest common divisor of d and o?
8
Suppose -h + 19 = 7. What is the highest common divisor of h and 30?
6
Let r(v) = 35*v**3 - 5*v**2 + 5*v + 4. Let q(n) = n**2 - n - 1. Let f(k) = -5*q(k) - r(k). Let w be f(-1). Calculate the greatest common divisor of w and 6.
6
Let b be (-15)/4 + (-2)/8. Let r(i) = -28*i + 2. Let f be r(b). Let n = 0 - -19. What is the highest common factor of f and n?
19
Suppose 2*d = 4*s + 8 + 16, -3*d - 5*s = -25. Calculate the greatest common divisor of d and 10.
10
Suppose 3*i - 124 = -3*t + i, -4*i = 3*t - 128. Calculate the greatest common factor of t and 16.
8
Let g be ((-2)/(-2))/((-1)/(-2)). Suppose -g*n - o + 44 = 2*n, -5*n = 3*o - 55. What is the greatest common divisor of 11 and n?
11
Suppose -36 = -2*j - 0*j. Let c = j + -6. Let d(y) = 5*y - 16. Let v be d(8). What is the greatest common factor of c and v?
12
Suppose 3*f - t - 2*t - 18 = 0, 0 = f + 2*t - 15. Suppose -28 = s - f. Let p = -11 - s. What is the greatest common divisor of p and 2?
2
Let k = 211 - 410. Let u be (-7)/28 - k/(-4). Let d = 30 - u. Calculate the greatest common factor of 32 and d.
16
Let a(k) = k**3 + 12*k**2 - 2*k + 12. Let m be a(-12). Let t = -20 + m. What is the greatest common divisor of 40 and t?
8
Let i = 3 - -1. Let t be (-3)/(-2 - i)*6. Let v be 0 + -4 + t + 26. Calculate the greatest common factor of v and 10.
5
Suppose -t + 186 - 2 = 0. What is the greatest common divisor of 23 and t?
23
Let r(z) = z**2 - 4*z - 7. Let p be r(6). Suppose 0 = 4*m - p*m + 23. Suppose -a + m = 2*h, 4*a + 3*h = -h + 96. What is the greatest common divisor of 5 and a?
5
Let r be 78/(-4)*(-6)/9. Let q(v) = -2*v - 2 + v + r. Let t be q(5). What is the greatest common factor of t and 4?
2
Let b(p) = 2*p**2 + 3*p. Let x = -3 - -1. Let s be b(x). Suppose -n + 34 = s. Calculate the highest common divisor of 16 and n.
16
Suppose -r + 11 = -2*i - 1, -2*i - 6 = 0. Suppose -5*s + 4*s = -2*t - 16, 5*s = -4*t + 52. What is the greatest common divisor of s and r?
6
Suppose -91 = -3*v - 7. Suppose 0*i + 7 = i. What is the highest common factor of i and v?
7
Let k be -10*(-2 - 12/8). Suppose -8 = -2*g + 2. Calculate the greatest common factor of g and k.
5
Let s be 2*(-2 - 5/(-2)). Let t be 1*86/2 - s. Calculate the greatest common divisor of 6 and t.
6
Let k(q) = -5*q + 2. Let f(p) = 9*p - 4. Let c(x) = 2*f(x) + 5*k(x). Let j be c(-2). What is the highest common divisor of 24 and j?
8
Suppose -2*n + 4*t = 32, 5*n - 4*t - 8 = -58. Let q = n - -2. Let p be 2/q*4 + 3. Calculate the greatest common factor of p and 4.
1
Suppose 6 = -3*l + 30. Suppose -l*x = -3*x - 20. Suppose 2*b - 76 = -4*z, 2*z - 110 = -x*b + 24. What is the highest common divisor of 48 and b?
16
Suppose -3*p + 58 = 5*x, 0*p + 3*p - 52 = -2*x. Calculate the highest common divisor of p and 8.
8
Suppose -2*n - n + 24 = 0. Suppose 2*z - 22 = 4*g + n, -23 = -z - 2*g. Calculate the greatest common factor of 76 and z.
19
Let s = 57 - 41. Suppose 0 = -3*i + 5*w + 31, -i + 2*w = -6*i. Let t be (-1)/((-3)/96*i). What is the highest common divisor of t and s?
16
Suppose -2*p + 234 = -z, 5*p = -2*z + 3*z + 591. Suppose -104 = -4*n - 36. What is the greatest common divisor of p and n?
17
Let r = 4 - -6. Suppose 2*l + 65 = 3*l - 3*j, -l = 5*j - 105. Calculate the highest common divisor of r and l.
10
Suppose -3*o = -24 - 30. Suppose o = 4*z - 10. Let k = 101 + -66. Calculate the greatest common divisor of z and k.
7
Let z(m) = -2*m - 6. Let n be z(-9). Let t be 21/n + 3/(-4). Calculate the greatest common factor of 9 and t.
1
Suppose 2*s - o = -0*o + 20, 4*o - 37 = -5*s. Let v(u) = 11*u - 65. Let m be v(6). What is the highest common divisor of m and s?
1
Let p = -9 - -7. Let d(f) = -5*f. Let i be d(p). What is the greatest common divisor of i and 20?
10
Let k be (-1 - 2) + (-1 - -228). Suppose 0 = -3*n + k - 71. Let l(h) = h**3 - 5*h**2 + 8*h - 6. Let c be l(5). What is the highest common factor of c and n?
17
Suppose o + 1 = 0, 0*q = -2*q + 4*o + 6. Let r = 5 - 5. Suppose 0 = -r*g + g - 11. Calculate the greatest common factor of g and q.
1
Suppose 3*w - 35 - 23 = -4*s, 0 = 5*s + 25. Let p = 54 - -76. What is the greatest common divisor of w and p?
26
Let t(v) = v**3 + 13*v**2 + 10*v + 10. Let n be t(-12). Calculate the highest common divisor of 34 and n.
34
Let y(f) = -145*f**3 - 3*f**2 + 2. Let k be y(-1). Calculate the greatest common factor of 18 and k.
18
Let v = 44 + -20. What is the greatest common divisor of v and 3?
3
Suppose -i + 3*i - 28 = 0. Let l be (-4)/5*(-385)/2. What is the greatest common divisor of l and i?
14
Let v be (-39)/(-6)*(-3 - 1). Let b = -16 - v. Suppose -5*d - 3*s + 69 = 0, 26 = -d + 3*d + 2*s. Calculate the highest common factor of d and b.
5
Suppose -2*d - 2 = -3*d. Let p = 106 + -53. Suppose 3*u + p = 2*w + 20, 0 = -d*w + u + 23. What is the highest common factor of w and 1?
1
Suppose -3*y - 54 = -0*y. Let w be (y/8)/(27/(-576)). Calculate the greatest common factor of 12 and w.
12
Let k = -4 + 8. Let j be 79 - -1*(-1)/(-1). Suppose -4*i = i - j. What is the greatest common divisor of i and k?
4
Suppose -2 = -3*l + 5*v + 3, -2*l - v = -25. Suppose -g + 57 = 2*d, -d = 3*d - 3*g - 129. Let c be (l/15)/(4/d). Calculate the highest common factor of c and 5.
5
Suppose h + 3*h = 0. Suppose -20 = a - 3*r - 97, h = -3*a + r + 239. Suppose a = f + 3*f. Calculate the highest common factor of 30 and f.
10
Let n(b) = -2*b - 14. Let g be n(-11). What is the greatest common factor of g and 2?
2
Let j = -1 + -1. Let f(m) = -m - 2. Let x be f(j). Let r be x/2 + (10 - -2). What is the highest common divisor of 132 and r?
12
Suppose x = 1 - 10. Let m be 10 + -3*3/x. Let z(r) = -r**2 + 7*r - 5. Let b be z(6). What is the greatest common divisor of b and m?
1
Let s(r) = r**2 + 7*r + 21. Let a be s(-6). What is the greatest common divisor of 6 and a?
3
Let o = -2 - -4. Suppose -6*v + 56 = -o*v. Suppose -14 - v = -4*t. What is the highest common divisor of t and 70?
7
Let y(h) = 2*h - 3. Let j be y(2). Suppose -2*v + 22 = 3*c, -2*v = v - 4*c + j. Let r = 2 + 23. Calculate the highest common divisor of v and r.
5
Let y be 482/14 + 24/(-56). What is the greatest common divisor of 374 and y?
34
Let a be (-56)/98 - (-886)/7. Calculate the highest common factor of 18 and a.
18
Let k be (-4*3)/((-1)/1). What is the greatest common factor of k and 4?
4
Suppose 5*c + 0 - 25 = 0. Suppose -5*i + 243 - 84 = -3*x, -4*i + x + 123 = 0. Calculate the greatest common factor of c and i.
5
Let f(x) = -2*x**2 + 15*x - 2. Let n be f(7). Suppose 94 = n*u + 4*c - 18, -4*c = -u + 8. Calculate the highest common factor of 10 and u.
10
Let j be 20/25 - (-57)/(-15). Let h be -6 + 4 + (j - -9). What is the highest common factor of 8 and h?
4
Suppose 3*j - 2*g - 12 = 0, -8 - 2 = j + 4*g. Suppose -5*w + j*w + 429 = 0. What is the greatest common factor of 13 and w?
13
Suppose 2*u + 2*u + 80 = 0. Let i = u + 36. Let h be 257/2 - 2/4. Calculate the highest common factor of i and h.
16
Let i be (5 - 6)/((-2)/158). Suppose 3*n - 12 = -u, 3*n - 19 + i = 5*u. What is the greatest common divisor of u and 8?
4
Let l(k) = 2*k**2 + 4*k + 3. Let j(o) = o + 1. Let d(u) = 2*j(u) - l(u). Let f be d(-3). Let i = f + 25. What is the highest common divisor of 12 and i?
12
Suppose 0 = -3*f + 4*f - 40. What is the greatest common factor of f and 5?
5
Suppose 2*u + 10 = 3*u. Let o(k) be the second derivative of k**4/12 - 7*k**3/6 + 6*k**2 + k. Let c be o(8). What is the highest common divisor of c and u?
10
Suppose -8 - 34 = -3*d. What is the greatest common divisor of 35 and d?
7
Suppose k + o = 17, 0 = 4*k + o - 57 + 4. Suppose 0 = 5*w - j - 61, -4*w + 4*j = w - 64. What is the highest common divisor of w and k?
12
Suppose 6*k - 126 = -18. Calculate the greatest common divisor of k and 6.
6
Let y(q) = -q**3 + 9*q**2 - 7*q + 3. Let k be y(8). Suppose 198 = 6*u - 4*u. What is the highest common divi